{"id":347,"date":"2020-10-13T22:20:33","date_gmt":"2020-10-13T20:20:33","guid":{"rendered":"https:\/\/chateaudemarvivo.fr\/?page_id=347"},"modified":"2025-01-02T12:15:04","modified_gmt":"2025-01-02T11:15:04","slug":"le-chateau","status":"publish","type":"page","link":"https:\/\/chateaudemarvivo.fr\/?page_id=347","title":{"rendered":"Le Ch\u00e2teau"},"content":{"rendered":"\n<p class=\"has-text-align-center\">Le ch\u00e2teau de Mar Vivo a \u00e9t\u00e9 enti\u00e8rement r\u00e9nov\u00e9 en 2020 et vous appr\u00e9cierez son architecture, le soin apport\u00e9 aux d\u00e9tails, son confort et ses prestations h\u00f4teli\u00e8res luxueuses.  Tout est r\u00e9uni pour que votre s\u00e9jour au ch\u00e2teau de Mar Vivo soit une exp\u00e9rience inoubliable qui ne ressemblera \u00e0 aucune autre. <\/p>\n\n\n\n<figure class=\"wp-block-image size-large\"><img loading=\"lazy\" decoding=\"async\" width=\"1024\" height=\"767\" src=\"https:\/\/chateaudemarvivo.fr\/wp-content\/uploads\/DJI_0799-ANTOINE-VERDET-1-3-1024x767.jpg\" alt=\"\" class=\"wp-image-864\" srcset=\"https:\/\/chateaudemarvivo.fr\/wp-content\/uploads\/DJI_0799-ANTOINE-VERDET-1-3-1024x767.jpg 1024w, https:\/\/chateaudemarvivo.fr\/wp-content\/uploads\/DJI_0799-ANTOINE-VERDET-1-3-250x187.jpg 250w, https:\/\/chateaudemarvivo.fr\/wp-content\/uploads\/DJI_0799-ANTOINE-VERDET-1-3-225x169.jpg 225w, https:\/\/chateaudemarvivo.fr\/wp-content\/uploads\/DJI_0799-ANTOINE-VERDET-1-3-768x575.jpg 768w, https:\/\/chateaudemarvivo.fr\/wp-content\/uploads\/DJI_0799-ANTOINE-VERDET-1-3.jpg 1200w\" sizes=\"auto, (max-width: 1024px) 100vw, 1024px\" \/><\/figure>\n\n\n\n<figure class=\"wp-block-gallery has-nested-images columns-default is-cropped wp-block-gallery-1 is-layout-flex wp-block-gallery-is-layout-flex\">\n<figure class=\"wp-block-image size-large\"><img loading=\"lazy\" decoding=\"async\" width=\"1024\" height=\"767\" data-id=\"861\" src=\"https:\/\/chateaudemarvivo.fr\/wp-content\/uploads\/DJI_0594-ANTOINE-VERDET--1024x767.jpg\" alt=\"\" class=\"wp-image-861\" srcset=\"https:\/\/chateaudemarvivo.fr\/wp-content\/uploads\/DJI_0594-ANTOINE-VERDET--1024x767.jpg 1024w, https:\/\/chateaudemarvivo.fr\/wp-content\/uploads\/DJI_0594-ANTOINE-VERDET--250x187.jpg 250w, https:\/\/chateaudemarvivo.fr\/wp-content\/uploads\/DJI_0594-ANTOINE-VERDET--225x169.jpg 225w, https:\/\/chateaudemarvivo.fr\/wp-content\/uploads\/DJI_0594-ANTOINE-VERDET--768x575.jpg 768w, https:\/\/chateaudemarvivo.fr\/wp-content\/uploads\/DJI_0594-ANTOINE-VERDET-.jpg 1200w\" sizes=\"auto, (max-width: 1024px) 100vw, 1024px\" \/><\/figure>\n\n\n\n<figure class=\"wp-block-image size-large\"><img loading=\"lazy\" decoding=\"async\" width=\"1024\" height=\"768\" data-id=\"854\" src=\"https:\/\/chateaudemarvivo.fr\/wp-content\/uploads\/IMG_2782-1-1024x768.jpg\" alt=\"\" class=\"wp-image-854\" srcset=\"https:\/\/chateaudemarvivo.fr\/wp-content\/uploads\/IMG_2782-1-1024x768.jpg 1024w, https:\/\/chateaudemarvivo.fr\/wp-content\/uploads\/IMG_2782-1-250x188.jpg 250w, https:\/\/chateaudemarvivo.fr\/wp-content\/uploads\/IMG_2782-1-225x169.jpg 225w, https:\/\/chateaudemarvivo.fr\/wp-content\/uploads\/IMG_2782-1-768x576.jpg 768w, https:\/\/chateaudemarvivo.fr\/wp-content\/uploads\/IMG_2782-1.jpg 1200w\" sizes=\"auto, (max-width: 1024px) 100vw, 1024px\" \/><\/figure>\n\n\n\n<figure class=\"wp-block-image size-large\"><img loading=\"lazy\" decoding=\"async\" width=\"1024\" height=\"768\" data-id=\"852\" src=\"https:\/\/chateaudemarvivo.fr\/wp-content\/uploads\/IMG_2938-1024x768.jpg\" alt=\"\" class=\"wp-image-852\" srcset=\"https:\/\/chateaudemarvivo.fr\/wp-content\/uploads\/IMG_2938-1024x768.jpg 1024w, https:\/\/chateaudemarvivo.fr\/wp-content\/uploads\/IMG_2938-250x188.jpg 250w, https:\/\/chateaudemarvivo.fr\/wp-content\/uploads\/IMG_2938-225x169.jpg 225w, https:\/\/chateaudemarvivo.fr\/wp-content\/uploads\/IMG_2938-768x576.jpg 768w, https:\/\/chateaudemarvivo.fr\/wp-content\/uploads\/IMG_2938.jpg 1200w\" sizes=\"auto, (max-width: 1024px) 100vw, 1024px\" \/><\/figure>\n\n\n\n<figure class=\"wp-block-image size-large\"><img loading=\"lazy\" decoding=\"async\" width=\"700\" height=\"700\" data-id=\"477\" src=\"https:\/\/chateaudemarvivo.fr\/wp-content\/uploads\/48B49E58-3D6D-4873-BAC9-E6050FEF9E7A.jpeg\" alt=\"\" class=\"wp-image-477\" srcset=\"https:\/\/chateaudemarvivo.fr\/wp-content\/uploads\/48B49E58-3D6D-4873-BAC9-E6050FEF9E7A.jpeg 700w, https:\/\/chateaudemarvivo.fr\/wp-content\/uploads\/48B49E58-3D6D-4873-BAC9-E6050FEF9E7A-250x250.jpeg 250w, https:\/\/chateaudemarvivo.fr\/wp-content\/uploads\/48B49E58-3D6D-4873-BAC9-E6050FEF9E7A-225x225.jpeg 225w, https:\/\/chateaudemarvivo.fr\/wp-content\/uploads\/48B49E58-3D6D-4873-BAC9-E6050FEF9E7A-200x200.jpeg 200w\" sizes=\"auto, (max-width: 700px) 100vw, 700px\" \/><\/figure>\n\n\n\n<figure class=\"wp-block-image size-large\"><img loading=\"lazy\" decoding=\"async\" width=\"1024\" height=\"768\" data-id=\"855\" src=\"https:\/\/chateaudemarvivo.fr\/wp-content\/uploads\/image1-1-1024x768.jpeg\" alt=\"\" class=\"wp-image-855\" srcset=\"https:\/\/chateaudemarvivo.fr\/wp-content\/uploads\/image1-1-1024x768.jpeg 1024w, https:\/\/chateaudemarvivo.fr\/wp-content\/uploads\/image1-1-250x188.jpeg 250w, https:\/\/chateaudemarvivo.fr\/wp-content\/uploads\/image1-1-225x169.jpeg 225w, https:\/\/chateaudemarvivo.fr\/wp-content\/uploads\/image1-1-768x576.jpeg 768w, https:\/\/chateaudemarvivo.fr\/wp-content\/uploads\/image1-1.jpeg 1200w\" sizes=\"auto, (max-width: 1024px) 100vw, 1024px\" \/><\/figure>\n\n\n\n<figure class=\"wp-block-image size-large\"><img loading=\"lazy\" decoding=\"async\" width=\"1024\" height=\"768\" data-id=\"870\" src=\"https:\/\/chateaudemarvivo.fr\/wp-content\/uploads\/IMG_3010-1024x768.jpg\" alt=\"\" class=\"wp-image-870\" srcset=\"https:\/\/chateaudemarvivo.fr\/wp-content\/uploads\/IMG_3010-1024x768.jpg 1024w, https:\/\/chateaudemarvivo.fr\/wp-content\/uploads\/IMG_3010-250x188.jpg 250w, https:\/\/chateaudemarvivo.fr\/wp-content\/uploads\/IMG_3010-225x169.jpg 225w, https:\/\/chateaudemarvivo.fr\/wp-content\/uploads\/IMG_3010-768x576.jpg 768w, https:\/\/chateaudemarvivo.fr\/wp-content\/uploads\/IMG_3010.jpg 1200w\" sizes=\"auto, (max-width: 1024px) 100vw, 1024px\" \/><\/figure>\n\n\n\n<figure class=\"wp-block-image size-large\"><img loading=\"lazy\" decoding=\"async\" width=\"1024\" height=\"767\" data-id=\"856\" src=\"https:\/\/chateaudemarvivo.fr\/wp-content\/uploads\/DJI_0774-ANTOINE-VERDET--1024x767.jpg\" alt=\"\" class=\"wp-image-856\" srcset=\"https:\/\/chateaudemarvivo.fr\/wp-content\/uploads\/DJI_0774-ANTOINE-VERDET--1024x767.jpg 1024w, https:\/\/chateaudemarvivo.fr\/wp-content\/uploads\/DJI_0774-ANTOINE-VERDET--250x187.jpg 250w, https:\/\/chateaudemarvivo.fr\/wp-content\/uploads\/DJI_0774-ANTOINE-VERDET--225x169.jpg 225w, https:\/\/chateaudemarvivo.fr\/wp-content\/uploads\/DJI_0774-ANTOINE-VERDET--768x575.jpg 768w, https:\/\/chateaudemarvivo.fr\/wp-content\/uploads\/DJI_0774-ANTOINE-VERDET-.jpg 1200w\" sizes=\"auto, (max-width: 1024px) 100vw, 1024px\" \/><\/figure>\n\n\n\n<figure class=\"wp-block-image size-large\"><img loading=\"lazy\" decoding=\"async\" width=\"1024\" height=\"768\" data-id=\"869\" src=\"https:\/\/chateaudemarvivo.fr\/wp-content\/uploads\/IMG_3008-1024x768.jpg\" alt=\"\" class=\"wp-image-869\" srcset=\"https:\/\/chateaudemarvivo.fr\/wp-content\/uploads\/IMG_3008-1024x768.jpg 1024w, https:\/\/chateaudemarvivo.fr\/wp-content\/uploads\/IMG_3008-250x188.jpg 250w, https:\/\/chateaudemarvivo.fr\/wp-content\/uploads\/IMG_3008-225x169.jpg 225w, https:\/\/chateaudemarvivo.fr\/wp-content\/uploads\/IMG_3008-768x576.jpg 768w, https:\/\/chateaudemarvivo.fr\/wp-content\/uploads\/IMG_3008.jpg 1200w\" sizes=\"auto, (max-width: 1024px) 100vw, 1024px\" \/><\/figure>\n\n\n\n<figure class=\"wp-block-image size-large\"><img loading=\"lazy\" decoding=\"async\" width=\"1024\" height=\"768\" data-id=\"857\" src=\"https:\/\/chateaudemarvivo.fr\/wp-content\/uploads\/CAM00368P1-PR0066-STILL05-1024x768.jpg\" alt=\"\" class=\"wp-image-857\" srcset=\"https:\/\/chateaudemarvivo.fr\/wp-content\/uploads\/CAM00368P1-PR0066-STILL05-1024x768.jpg 1024w, https:\/\/chateaudemarvivo.fr\/wp-content\/uploads\/CAM00368P1-PR0066-STILL05-250x188.jpg 250w, https:\/\/chateaudemarvivo.fr\/wp-content\/uploads\/CAM00368P1-PR0066-STILL05-225x169.jpg 225w, https:\/\/chateaudemarvivo.fr\/wp-content\/uploads\/CAM00368P1-PR0066-STILL05-768x576.jpg 768w, https:\/\/chateaudemarvivo.fr\/wp-content\/uploads\/CAM00368P1-PR0066-STILL05.jpg 1200w\" sizes=\"auto, (max-width: 1024px) 100vw, 1024px\" \/><\/figure>\n\n\n\n<figure class=\"wp-block-image size-large\"><img loading=\"lazy\" decoding=\"async\" width=\"1024\" height=\"759\" data-id=\"555\" src=\"https:\/\/chateaudemarvivo.fr\/wp-content\/uploads\/981AA0F2-AD1E-4465-BF6B-1E0D02F044E8-1024x759.jpeg\" alt=\"\" class=\"wp-image-555\" srcset=\"https:\/\/chateaudemarvivo.fr\/wp-content\/uploads\/981AA0F2-AD1E-4465-BF6B-1E0D02F044E8-1024x759.jpeg 1024w, https:\/\/chateaudemarvivo.fr\/wp-content\/uploads\/981AA0F2-AD1E-4465-BF6B-1E0D02F044E8-250x185.jpeg 250w, https:\/\/chateaudemarvivo.fr\/wp-content\/uploads\/981AA0F2-AD1E-4465-BF6B-1E0D02F044E8-225x167.jpeg 225w, https:\/\/chateaudemarvivo.fr\/wp-content\/uploads\/981AA0F2-AD1E-4465-BF6B-1E0D02F044E8-768x569.jpeg 768w, https:\/\/chateaudemarvivo.fr\/wp-content\/uploads\/981AA0F2-AD1E-4465-BF6B-1E0D02F044E8.jpeg 1200w\" sizes=\"auto, (max-width: 1024px) 100vw, 1024px\" \/><\/figure>\n\n\n\n<figure class=\"wp-block-image size-large\"><img loading=\"lazy\" decoding=\"async\" width=\"768\" height=\"1024\" data-id=\"862\" src=\"https:\/\/chateaudemarvivo.fr\/wp-content\/uploads\/IMG_2288-768x1024.jpg\" alt=\"\" class=\"wp-image-862\" srcset=\"https:\/\/chateaudemarvivo.fr\/wp-content\/uploads\/IMG_2288-768x1024.jpg 768w, https:\/\/chateaudemarvivo.fr\/wp-content\/uploads\/IMG_2288-250x333.jpg 250w, https:\/\/chateaudemarvivo.fr\/wp-content\/uploads\/IMG_2288-225x300.jpg 225w, https:\/\/chateaudemarvivo.fr\/wp-content\/uploads\/IMG_2288-rotated.jpg 900w\" sizes=\"auto, (max-width: 768px) 100vw, 768px\" \/><\/figure>\n\n\n\n<figure class=\"wp-block-image size-large\"><img loading=\"lazy\" decoding=\"async\" width=\"1024\" height=\"768\" data-id=\"858\" src=\"https:\/\/chateaudemarvivo.fr\/wp-content\/uploads\/CAM00368P1-PR0067-STILL26-1024x768.jpg\" alt=\"\" class=\"wp-image-858\" srcset=\"https:\/\/chateaudemarvivo.fr\/wp-content\/uploads\/CAM00368P1-PR0067-STILL26-1024x768.jpg 1024w, https:\/\/chateaudemarvivo.fr\/wp-content\/uploads\/CAM00368P1-PR0067-STILL26-250x188.jpg 250w, https:\/\/chateaudemarvivo.fr\/wp-content\/uploads\/CAM00368P1-PR0067-STILL26-225x169.jpg 225w, https:\/\/chateaudemarvivo.fr\/wp-content\/uploads\/CAM00368P1-PR0067-STILL26-768x576.jpg 768w, https:\/\/chateaudemarvivo.fr\/wp-content\/uploads\/CAM00368P1-PR0067-STILL26.jpg 1200w\" sizes=\"auto, (max-width: 1024px) 100vw, 1024px\" \/><\/figure>\n\n\n\n<figure class=\"wp-block-image size-large\"><img loading=\"lazy\" decoding=\"async\" width=\"1024\" height=\"768\" data-id=\"859\" src=\"https:\/\/chateaudemarvivo.fr\/wp-content\/uploads\/IMG_2790-1-1024x768.jpg\" alt=\"\" class=\"wp-image-859\" srcset=\"https:\/\/chateaudemarvivo.fr\/wp-content\/uploads\/IMG_2790-1-1024x768.jpg 1024w, https:\/\/chateaudemarvivo.fr\/wp-content\/uploads\/IMG_2790-1-250x188.jpg 250w, https:\/\/chateaudemarvivo.fr\/wp-content\/uploads\/IMG_2790-1-225x169.jpg 225w, https:\/\/chateaudemarvivo.fr\/wp-content\/uploads\/IMG_2790-1-768x576.jpg 768w, https:\/\/chateaudemarvivo.fr\/wp-content\/uploads\/IMG_2790-1.jpg 1200w\" sizes=\"auto, (max-width: 1024px) 100vw, 1024px\" \/><\/figure>\n\n\n\n<figure class=\"wp-block-image size-large\"><img loading=\"lazy\" decoding=\"async\" width=\"1024\" height=\"768\" data-id=\"562\" src=\"https:\/\/chateaudemarvivo.fr\/wp-content\/uploads\/490ED718-D9FE-48EB-A4D8-1C7EC61FDBE2-1024x768.jpeg\" alt=\"\" class=\"wp-image-562\" srcset=\"https:\/\/chateaudemarvivo.fr\/wp-content\/uploads\/490ED718-D9FE-48EB-A4D8-1C7EC61FDBE2-1024x768.jpeg 1024w, https:\/\/chateaudemarvivo.fr\/wp-content\/uploads\/490ED718-D9FE-48EB-A4D8-1C7EC61FDBE2-250x188.jpeg 250w, https:\/\/chateaudemarvivo.fr\/wp-content\/uploads\/490ED718-D9FE-48EB-A4D8-1C7EC61FDBE2-225x169.jpeg 225w, https:\/\/chateaudemarvivo.fr\/wp-content\/uploads\/490ED718-D9FE-48EB-A4D8-1C7EC61FDBE2-768x576.jpeg 768w, https:\/\/chateaudemarvivo.fr\/wp-content\/uploads\/490ED718-D9FE-48EB-A4D8-1C7EC61FDBE2.jpeg 1200w\" sizes=\"auto, (max-width: 1024px) 100vw, 1024px\" \/><\/figure>\n\n\n\n<figure class=\"wp-block-image size-large\"><img loading=\"lazy\" decoding=\"async\" width=\"1024\" height=\"768\" data-id=\"863\" src=\"https:\/\/chateaudemarvivo.fr\/wp-content\/uploads\/IMG_2771-1024x768.jpg\" alt=\"\" class=\"wp-image-863\" srcset=\"https:\/\/chateaudemarvivo.fr\/wp-content\/uploads\/IMG_2771-1024x768.jpg 1024w, https:\/\/chateaudemarvivo.fr\/wp-content\/uploads\/IMG_2771-250x188.jpg 250w, https:\/\/chateaudemarvivo.fr\/wp-content\/uploads\/IMG_2771-225x169.jpg 225w, https:\/\/chateaudemarvivo.fr\/wp-content\/uploads\/IMG_2771-768x576.jpg 768w, https:\/\/chateaudemarvivo.fr\/wp-content\/uploads\/IMG_2771.jpg 1200w\" sizes=\"auto, (max-width: 1024px) 100vw, 1024px\" \/><\/figure>\n<\/figure>\n\n\n\n<div class=\"wp-block-columns is-layout-flex wp-container-core-columns-is-layout-9d6595d7 wp-block-columns-is-layout-flex\">\n<div class=\"wp-block-column is-layout-flow wp-block-column-is-layout-flow\" style=\"flex-basis:17.4%\">\n<p><\/p>\n<\/div>\n\n\n\n<div class=\"wp-block-column is-layout-flow wp-block-column-is-layout-flow\" style=\"flex-basis:34.8%\">\n<p>\ud83c\udff0&nbsp;surface totale: 600m<sup>2<\/sup><\/p>\n\n\n\n<p>\ud83c\udfdd&nbsp;parc de 4000m<sup>2<\/sup><\/p>\n\n\n\n<p>\ud83d\udecf&nbsp;chambre: 5<\/p>\n\n\n\n<p>\ud83d\udec1&nbsp;salle de bain: 5<\/p>\n\n\n\n<p>\ud83d\udd25&nbsp;grand salon de plus de 60m<sup>2<\/sup> avec sa chemin\u00e9e gaz<\/p>\n\n\n\n<p>\ud83d\udecb\ufe0f&nbsp;petit selon de 25 m<sup>2<\/sup> en rez-de-jardin avec sa vue mer<\/p>\n\n\n\n<p>&nbsp;<\/p>\n\n\n\n<p><\/p>\n\n\n\n<p><\/p>\n<\/div>\n\n\n\n<div class=\"wp-block-column is-layout-flow wp-block-column-is-layout-flow\" style=\"flex-basis:31.3%\">\n<p>\ud83c\udf74salle \u00e0 manger de 30m<sup>2<\/sup>&nbsp;<\/p>\n\n\n\n<p>\ud83e\udd56&nbsp;cuisine de 20 m<sup>2<\/sup> avec \u00eelot central<\/p>\n\n\n\n<p>\ud83c\udf78salle de danse, billard, baby-foot,etc..<\/p>\n\n\n\n<p>\ud83c\udf89&nbsp;salle de r\u00e9ception ou s\u00e9minaires de 85 m<sup>2<\/sup><\/p>\n\n\n\n<p>\ud83e\uddfa&nbsp;pi\u00e8ces de service<\/p>\n\n\n\n<p>\u267f\ufe0f&nbsp;ascenseur<\/p>\n<\/div>\n\n\n\n<div class=\"wp-block-column is-layout-flow wp-block-column-is-layout-flow\" style=\"flex-basis:5.2%\">\n<p><\/p>\n<\/div>\n<\/div>\n\n\n<div id=\"wpgmza_map\" class=\"wpgmza_map\" data-settings='{\"id\":\"1\",\"map_title\":\"My first map\",\"map_width\":\"100\",\"map_height\":\"400\",\"map_start_lat\":\"43.356004\",\"map_start_lng\":\"5.776500\",\"map_start_location\":\"43.356004119805746,5.776499809765605\",\"map_start_zoom\":\"9\",\"default_marker\":\"0\",\"type\":\"1\",\"alignment\":\"4\",\"directions_enabled\":\"1\",\"styling_enabled\":\"0\",\"styling_json\":\"\",\"active\":\"0\",\"kml\":\"\",\"bicycle\":\"0\",\"traffic\":\"0\",\"dbox\":\"1\",\"dbox_width\":\"100\",\"listmarkers\":\"0\",\"listmarkers_advanced\":\"0\",\"filterbycat\":\"0\",\"ugm_enabled\":\"0\",\"ugm_category_enabled\":\"0\",\"fusion\":\"\",\"map_width_type\":\"\\\\%\",\"map_height_type\":\"px\",\"mass_marker_support\":\"1\",\"ugm_access\":\"0\",\"order_markers_by\":\"1\",\"order_markers_choice\":\"2\",\"show_user_location\":\"0\",\"default_to\":\"\",\"other_settings\":{\"store_locator_enabled\":2,\"store_locator_distance\":2,\"store_locator_default_radius\":10,\"store_locator_not_found_message\":\"No results found in this location. Please try again.\",\"store_locator_bounce\":1,\"store_locator_query_string\":\"Code Postal \\\/ Adresse\",\"store_locator_default_address\":\"\",\"wpgmza_store_locator_restrict\":\"\",\"wpgmza_store_locator_radius_style\":\"modern\",\"map_max_zoom\":\"1\",\"transport_layer\":0,\"wpgmza_theme_data\":\"\",\"wpgmza_show_points_of_interest\":1,\"wpgmza_auto_night\":0}}' data-map-id='1' Data-maps-engine='google-maps' data-shortcode-attributes='{\"id\":\"1\"}' style=\"display:block; overflow:auto; width:100%; height:400px; float:left;\"><\/div>\n\n\n\n<p><\/p>\n","protected":false},"excerpt":{"rendered":"<p>Le ch\u00e2teau de Mar Vivo a \u00e9t\u00e9 enti\u00e8rement r\u00e9nov\u00e9 en 2020 et vous appr\u00e9cierez son architecture, le soin apport\u00e9 aux d\u00e9tails, son confort et ses prestations h\u00f4teli\u00e8res luxueuses. Tout est r\u00e9uni pour que votre s\u00e9jour au ch\u00e2teau de Mar Vivo soit une exp\u00e9rience inoubliable qui ne ressemblera \u00e0 aucune autre. \ud83c\udff0&nbsp;surface totale: 600m2 \ud83c\udfdd&nbsp;parc de [&hellip;]<\/p>\n","protected":false},"author":1,"featured_media":0,"parent":0,"menu_order":0,"comment_status":"closed","ping_status":"closed","template":"","meta":{"footnotes":""},"class_list":["post-347","page","type-page","status-publish","hentry"],"yoast_head":"<!-- This site is optimized with the Yoast SEO plugin v27.2 - https:\/\/yoast.com\/product\/yoast-seo-wordpress\/ -->\n<title>Le Ch\u00e2teau - Ch\u00e2teau de Mar-Vivo<\/title>\n<meta name=\"robots\" content=\"index, follow, max-snippet:-1, max-image-preview:large, max-video-preview:-1\" \/>\n<link rel=\"canonical\" href=\"https:\/\/chateaudemarvivo.fr\/?page_id=347\" \/>\n<meta property=\"og:locale\" content=\"fr_FR\" \/>\n<meta property=\"og:type\" content=\"article\" \/>\n<meta property=\"og:title\" content=\"Le Ch\u00e2teau - Ch\u00e2teau de Mar-Vivo\" \/>\n<meta property=\"og:description\" content=\"Le ch\u00e2teau de Mar Vivo a \u00e9t\u00e9 enti\u00e8rement r\u00e9nov\u00e9 en 2020 et vous appr\u00e9cierez son architecture, le soin apport\u00e9 aux d\u00e9tails, son confort et ses prestations h\u00f4teli\u00e8res luxueuses. Tout est r\u00e9uni pour que votre s\u00e9jour au ch\u00e2teau de Mar Vivo soit une exp\u00e9rience inoubliable qui ne ressemblera \u00e0 aucune autre. \ud83c\udff0&nbsp;surface totale: 600m2 \ud83c\udfdd&nbsp;parc de [&hellip;]\" \/>\n<meta property=\"og:url\" content=\"https:\/\/chateaudemarvivo.fr\/?page_id=347\" \/>\n<meta property=\"og:site_name\" content=\"Ch\u00e2teau de Mar-Vivo\" \/>\n<meta property=\"article:modified_time\" content=\"2025-01-02T11:15:04+00:00\" \/>\n<meta property=\"og:image\" content=\"https:\/\/chateaudemarvivo.fr\/wp-content\/uploads\/DJI_0799-ANTOINE-VERDET-1-3-1024x767.jpg\" \/>\n<meta name=\"twitter:card\" content=\"summary_large_image\" \/>\n<meta name=\"twitter:label1\" content=\"Dur\u00e9e de lecture estim\u00e9e\" \/>\n\t<meta name=\"twitter:data1\" content=\"4 minutes\" \/>\n<script type=\"application\/ld+json\" class=\"yoast-schema-graph\">{\"@context\":\"https:\/\/schema.org\",\"@graph\":[{\"@type\":\"WebPage\",\"@id\":\"https:\/\/chateaudemarvivo.fr\/?page_id=347\",\"url\":\"https:\/\/chateaudemarvivo.fr\/?page_id=347\",\"name\":\"Le Ch\u00e2teau - Ch\u00e2teau de Mar-Vivo\",\"isPartOf\":{\"@id\":\"https:\/\/chateaudemarvivo.fr\/#website\"},\"primaryImageOfPage\":{\"@id\":\"https:\/\/chateaudemarvivo.fr\/?page_id=347#primaryimage\"},\"image\":{\"@id\":\"https:\/\/chateaudemarvivo.fr\/?page_id=347#primaryimage\"},\"thumbnailUrl\":\"https:\/\/chateaudemarvivo.fr\/wp-content\/uploads\/DJI_0799-ANTOINE-VERDET-1-3-1024x767.jpg\",\"datePublished\":\"2020-10-13T20:20:33+00:00\",\"dateModified\":\"2025-01-02T11:15:04+00:00\",\"breadcrumb\":{\"@id\":\"https:\/\/chateaudemarvivo.fr\/?page_id=347#breadcrumb\"},\"inLanguage\":\"fr-FR\",\"potentialAction\":[{\"@type\":\"ReadAction\",\"target\":[\"https:\/\/chateaudemarvivo.fr\/?page_id=347\"]}]},{\"@type\":\"ImageObject\",\"inLanguage\":\"fr-FR\",\"@id\":\"https:\/\/chateaudemarvivo.fr\/?page_id=347#primaryimage\",\"url\":\"https:\/\/chateaudemarvivo.fr\/wp-content\/uploads\/DJI_0799-ANTOINE-VERDET-1-3.jpg\",\"contentUrl\":\"https:\/\/chateaudemarvivo.fr\/wp-content\/uploads\/DJI_0799-ANTOINE-VERDET-1-3.jpg\",\"width\":1200,\"height\":899},{\"@type\":\"BreadcrumbList\",\"@id\":\"https:\/\/chateaudemarvivo.fr\/?page_id=347#breadcrumb\",\"itemListElement\":[{\"@type\":\"ListItem\",\"position\":1,\"name\":\"Accueil\",\"item\":\"https:\/\/chateaudemarvivo.fr\/\"},{\"@type\":\"ListItem\",\"position\":2,\"name\":\"Le Ch\u00e2teau\"}]},{\"@type\":\"WebSite\",\"@id\":\"https:\/\/chateaudemarvivo.fr\/#website\",\"url\":\"https:\/\/chateaudemarvivo.fr\/\",\"name\":\"Ch\u00e2teau de Mar-Vivo\",\"description\":\"\",\"publisher\":{\"@id\":\"https:\/\/chateaudemarvivo.fr\/#organization\"},\"potentialAction\":[{\"@type\":\"SearchAction\",\"target\":{\"@type\":\"EntryPoint\",\"urlTemplate\":\"https:\/\/chateaudemarvivo.fr\/?s={search_term_string}\"},\"query-input\":{\"@type\":\"PropertyValueSpecification\",\"valueRequired\":true,\"valueName\":\"search_term_string\"}}],\"inLanguage\":\"fr-FR\"},{\"@type\":\"Organization\",\"@id\":\"https:\/\/chateaudemarvivo.fr\/#organization\",\"name\":\"Ch\u00e2teau de Mar-Vivo\",\"url\":\"https:\/\/chateaudemarvivo.fr\/\",\"logo\":{\"@type\":\"ImageObject\",\"inLanguage\":\"fr-FR\",\"@id\":\"https:\/\/chateaudemarvivo.fr\/#\/schema\/logo\/image\/\",\"url\":\"https:\/\/chateaudemarvivo.fr\/wp-content\/uploads\/cropped-1EBF7684-B2B6-4389-8CB5-89C3CC7071A4.jpeg\",\"contentUrl\":\"https:\/\/chateaudemarvivo.fr\/wp-content\/uploads\/cropped-1EBF7684-B2B6-4389-8CB5-89C3CC7071A4.jpeg\",\"width\":250,\"height\":250,\"caption\":\"Ch\u00e2teau de Mar-Vivo\"},\"image\":{\"@id\":\"https:\/\/chateaudemarvivo.fr\/#\/schema\/logo\/image\/\"}}]}<\/script>\n<!-- \/ Yoast SEO plugin. -->","yoast_head_json":{"title":"Le Ch\u00e2teau - Ch\u00e2teau de Mar-Vivo","robots":{"index":"index","follow":"follow","max-snippet":"max-snippet:-1","max-image-preview":"max-image-preview:large","max-video-preview":"max-video-preview:-1"},"canonical":"https:\/\/chateaudemarvivo.fr\/?page_id=347","og_locale":"fr_FR","og_type":"article","og_title":"Le Ch\u00e2teau - Ch\u00e2teau de Mar-Vivo","og_description":"Le ch\u00e2teau de Mar Vivo a \u00e9t\u00e9 enti\u00e8rement r\u00e9nov\u00e9 en 2020 et vous appr\u00e9cierez son architecture, le soin apport\u00e9 aux d\u00e9tails, son confort et ses prestations h\u00f4teli\u00e8res luxueuses. Tout est r\u00e9uni pour que votre s\u00e9jour au ch\u00e2teau de Mar Vivo soit une exp\u00e9rience inoubliable qui ne ressemblera \u00e0 aucune autre. \ud83c\udff0&nbsp;surface totale: 600m2 \ud83c\udfdd&nbsp;parc de [&hellip;]","og_url":"https:\/\/chateaudemarvivo.fr\/?page_id=347","og_site_name":"Ch\u00e2teau de Mar-Vivo","article_modified_time":"2025-01-02T11:15:04+00:00","og_image":[{"url":"https:\/\/chateaudemarvivo.fr\/wp-content\/uploads\/DJI_0799-ANTOINE-VERDET-1-3-1024x767.jpg","type":"","width":"","height":""}],"twitter_card":"summary_large_image","twitter_misc":{"Dur\u00e9e de lecture estim\u00e9e":"4 minutes"},"schema":{"@context":"https:\/\/schema.org","@graph":[{"@type":"WebPage","@id":"https:\/\/chateaudemarvivo.fr\/?page_id=347","url":"https:\/\/chateaudemarvivo.fr\/?page_id=347","name":"Le Ch\u00e2teau - Ch\u00e2teau de Mar-Vivo","isPartOf":{"@id":"https:\/\/chateaudemarvivo.fr\/#website"},"primaryImageOfPage":{"@id":"https:\/\/chateaudemarvivo.fr\/?page_id=347#primaryimage"},"image":{"@id":"https:\/\/chateaudemarvivo.fr\/?page_id=347#primaryimage"},"thumbnailUrl":"https:\/\/chateaudemarvivo.fr\/wp-content\/uploads\/DJI_0799-ANTOINE-VERDET-1-3-1024x767.jpg","datePublished":"2020-10-13T20:20:33+00:00","dateModified":"2025-01-02T11:15:04+00:00","breadcrumb":{"@id":"https:\/\/chateaudemarvivo.fr\/?page_id=347#breadcrumb"},"inLanguage":"fr-FR","potentialAction":[{"@type":"ReadAction","target":["https:\/\/chateaudemarvivo.fr\/?page_id=347"]}]},{"@type":"ImageObject","inLanguage":"fr-FR","@id":"https:\/\/chateaudemarvivo.fr\/?page_id=347#primaryimage","url":"https:\/\/chateaudemarvivo.fr\/wp-content\/uploads\/DJI_0799-ANTOINE-VERDET-1-3.jpg","contentUrl":"https:\/\/chateaudemarvivo.fr\/wp-content\/uploads\/DJI_0799-ANTOINE-VERDET-1-3.jpg","width":1200,"height":899},{"@type":"BreadcrumbList","@id":"https:\/\/chateaudemarvivo.fr\/?page_id=347#breadcrumb","itemListElement":[{"@type":"ListItem","position":1,"name":"Accueil","item":"https:\/\/chateaudemarvivo.fr\/"},{"@type":"ListItem","position":2,"name":"Le Ch\u00e2teau"}]},{"@type":"WebSite","@id":"https:\/\/chateaudemarvivo.fr\/#website","url":"https:\/\/chateaudemarvivo.fr\/","name":"Ch\u00e2teau de Mar-Vivo","description":"","publisher":{"@id":"https:\/\/chateaudemarvivo.fr\/#organization"},"potentialAction":[{"@type":"SearchAction","target":{"@type":"EntryPoint","urlTemplate":"https:\/\/chateaudemarvivo.fr\/?s={search_term_string}"},"query-input":{"@type":"PropertyValueSpecification","valueRequired":true,"valueName":"search_term_string"}}],"inLanguage":"fr-FR"},{"@type":"Organization","@id":"https:\/\/chateaudemarvivo.fr\/#organization","name":"Ch\u00e2teau de Mar-Vivo","url":"https:\/\/chateaudemarvivo.fr\/","logo":{"@type":"ImageObject","inLanguage":"fr-FR","@id":"https:\/\/chateaudemarvivo.fr\/#\/schema\/logo\/image\/","url":"https:\/\/chateaudemarvivo.fr\/wp-content\/uploads\/cropped-1EBF7684-B2B6-4389-8CB5-89C3CC7071A4.jpeg","contentUrl":"https:\/\/chateaudemarvivo.fr\/wp-content\/uploads\/cropped-1EBF7684-B2B6-4389-8CB5-89C3CC7071A4.jpeg","width":250,"height":250,"caption":"Ch\u00e2teau de Mar-Vivo"},"image":{"@id":"https:\/\/chateaudemarvivo.fr\/#\/schema\/logo\/image\/"}}]}},"_links":{"self":[{"href":"https:\/\/chateaudemarvivo.fr\/index.php?rest_route=\/wp\/v2\/pages\/347","targetHints":{"allow":["GET"]}}],"collection":[{"href":"https:\/\/chateaudemarvivo.fr\/index.php?rest_route=\/wp\/v2\/pages"}],"about":[{"href":"https:\/\/chateaudemarvivo.fr\/index.php?rest_route=\/wp\/v2\/types\/page"}],"author":[{"embeddable":true,"href":"https:\/\/chateaudemarvivo.fr\/index.php?rest_route=\/wp\/v2\/users\/1"}],"replies":[{"embeddable":true,"href":"https:\/\/chateaudemarvivo.fr\/index.php?rest_route=%2Fwp%2Fv2%2Fcomments&post=347"}],"version-history":[{"count":45,"href":"https:\/\/chateaudemarvivo.fr\/index.php?rest_route=\/wp\/v2\/pages\/347\/revisions"}],"predecessor-version":[{"id":871,"href":"https:\/\/chateaudemarvivo.fr\/index.php?rest_route=\/wp\/v2\/pages\/347\/revisions\/871"}],"wp:attachment":[{"href":"https:\/\/chateaudemarvivo.fr\/index.php?rest_route=%2Fwp%2Fv2%2Fmedia&parent=347"}],"curies":[{"name":"wp","href":"https:\/\/api.w.org\/{rel}","templated":true}]}}